{"id":339,"date":"2018-05-10T15:21:19","date_gmt":"2018-05-10T13:21:19","guid":{"rendered":"http:\/\/avivo-ch.ch\/?page_id=339"},"modified":"2025-06-08T09:49:35","modified_gmt":"2025-06-08T07:49:35","slug":"resolutionen-der-avivo-schweiz","status":"publish","type":"page","link":"https:\/\/avivo-ch.ch\/it\/resolutionen-der-avivo-schweiz\/","title":{"rendered":"Risoluzioni dell&#8217;AVIVO svizzera"},"content":{"rendered":"<p><a href=\"https:\/\/avivo-ch.ch\/wp-content\/uploads\/2025\/06\/AVIVO-Suisse-F.D-resolution-initiative-sur-les-soins-AD-du-04.06.2025-GE.pdf\" target=\" rel=\" rel=\"noopener noreferrer\">Risoluzione 1-2025: <b>Care Initiative: un secondo passo in gran parte inadeguato!<\/b> Ginevra, 2025 (in francese)<\/a><\/p>\n<p><a href=\"https:\/\/avivo-ch.ch\/wp-content\/uploads\/2025\/06\/AVIVO-Suisse-F.D-resolution-Climat-AD-du-04.06.2025.pdf\" target=\" rel=\" rel=\"noopener noreferrer\">Risoluzione 2-2025: <b>La protezione del clima \u00e8 pi\u00f9 di un semplice desiderio. \u00c8 un dovere!<\/b> Ginevra, 2025 (in francese)<\/a><\/p>\n<p><a href=\"https:\/\/avivo-ch.ch\/wp-content\/uploads\/2025\/06\/AVIVO-Suisse-F-D-resolution-taxe-docs-papier-AD-du-04.06.2025.pdf\" target=\" rel=\" rel=\"noopener noreferrer\">Risoluzione 3-2025: <b>Tassa ingiustificata sui documenti \u201ccartacei\u201d<\/b> Ginevra, 2025 (in francese)<\/a><\/p>\n<p><a href=\"https:\/\/avivo-ch.ch\/wp-content\/uploads\/2024\/04\/AVIVO-CH-risoluzione-Premi-malattia_Zurigo-2024.pdf\" target=\" rel=\" rel=\"noopener noreferrer\">Risoluzione 1-2024: Basta con l\u2019aumento dei premi malattia, Zurigo 2024<\/a><\/p>\n<p><a href=\"https:\/\/avivo-ch.ch\/wp-content\/uploads\/2024\/05\/AVIVO-suisse-resolution-2-Zurich-2024.pdf\" target=\" rel=\" rel=\"noopener noreferrer\">Risoluzione 2-2024: NO all&#8217;iniziativa di contenimento dei costi, Zurigo 2024 (in francese)<\/a><\/p>\n<p><a href=\"https:\/\/avivo-ch.ch\/wp-content\/uploads\/2023\/09\/AVIVO-CH-risoluzione-1-Basilea-2023.pdf\" target=\" rel=\" rel=\"noopener noreferrer\">Risoluzione 1-2023: Stop all\u2019isolamento sociale dovuto alla frattura digitale ! Basilea, 2023<\/a><\/p>\n<p><a href=\"https:\/\/avivo-ch.ch\/wp-content\/uploads\/2023\/09\/AVIVO-CH-risoluzione-2-Basilea-2023.pdf\" target=\" rel=\" rel=\"noopener noreferrer\">Risoluzione 2-2023: L\u2019assicurazione malattia deve rimanere obbligatoria ! Basilea, 2023<\/a><\/p>\n<p><a href=\"https:\/\/avivo-ch.ch\/wp-content\/uploads\/2022\/06\/AVIVO-CH-Resolution-Yverdon-2022.pdf\" target=\" rel=\" rel=\"noopener noreferrer\">Risoluzione NO a AVS21, Yverdon, 2022 ! (in francese)<\/a><\/p>\n<p><a href=\"https:\/\/avivo-ch.ch\/wp-content\/uploads\/2020\/11\/AVIVO-CH-re\u0301solution-1-2020-\u00e2ge-de-la-retraite.pdf\" target=\" rel=\" rel=\"noopener noreferrer\">Risoluzione 1-2020 : NO a qualsiasi aumento dell&#8217;et\u00e0 pensionabile (in francese)<\/a><\/p>\n<p><a href=\"https:\/\/avivo-ch.ch\/wp-content\/uploads\/2020\/11\/AVIVO-CH-re\u0301solution-2-2020-Covid.pdf\" target=\"_blank\" rel=\"noopener noreferrer\">Risoluzione 2-2020 : Covid 19 negli EMS: mai pi\u00f9 questo! (in francese)<\/a><\/p>\n<p><a href=\"http:\/\/avivo-ch.ch\/wp-content\/uploads\/2019\/06\/AVIVO-CH-risoluzione-Sion-2019.pdf\" target=\"_blank\" rel=\"noopener noreferrer\">Risoluzione AVS, Sion, 2019<\/a><\/p>\n<p><a href=\"http:\/\/avivo-ch.ch\/wp-content\/uploads\/2018\/05\/AVIVO-CH-r\u00e9solution-Bienne-2018.pdf\" target=\"_blank\" rel=\"noopener noreferrer\">Risoluzione AVS, Biel (in francese), 2018<\/a><\/p>\n<p><a href=\"http:\/\/avivo-ch.ch\/wp-content\/uploads\/2018\/05\/AVIVO-CH-r\u00e9solution-AVS2016.pdf\" target=\"_blank\" rel=\"noopener noreferrer\">Risoluzione AVS+ (in francese), 2016<\/a><\/p>\n","protected":false},"excerpt":{"rendered":"<p>Risoluzione 1-2025: Care Initiative: un secondo passo in gran parte inadeguato! Ginevra, 2025 (in francese) Risoluzione 2-2025: La protezione del clima \u00e8 pi\u00f9 di un semplice desiderio. \u00c8 un dovere! Ginevra, 2025 (in francese) Risoluzione 3-2025: Tassa ingiustificata sui documenti \u201ccartacei\u201d Ginevra, 2025 (in francese) Risoluzione 1-2024: Basta con l\u2019aumento dei premi malattia, Zurigo 2024 &hellip; <a href=\"https:\/\/avivo-ch.ch\/it\/resolutionen-der-avivo-schweiz\/\" class=\"more-link\">Continue reading <span class=\"screen-reader-text\">Risoluzioni dell&#8217;AVIVO svizzera<\/span> <span class=\"meta-nav\">&rarr;<\/span><\/a><\/p>\n","protected":false},"author":3,"featured_media":0,"parent":0,"menu_order":0,"comment_status":"closed","ping_status":"closed","template":"","meta":{"inline_featured_image":false,"footnotes":""},"class_list":["post-339","page","type-page","status-publish","hentry"],"translation":{"provider":"WPGlobus","version":"2.12.2","language":"it","enabled_languages":["de","fr","it"],"languages":{"de":{"title":true,"content":true,"excerpt":false},"fr":{"title":true,"content":true,"excerpt":false},"it":{"title":true,"content":true,"excerpt":false}}},"jetpack_sharing_enabled":true,"_links":{"self":[{"href":"https:\/\/avivo-ch.ch\/it\/wp-json\/wp\/v2\/pages\/339","targetHints":{"allow":["GET"]}}],"collection":[{"href":"https:\/\/avivo-ch.ch\/it\/wp-json\/wp\/v2\/pages"}],"about":[{"href":"https:\/\/avivo-ch.ch\/it\/wp-json\/wp\/v2\/types\/page"}],"author":[{"embeddable":true,"href":"https:\/\/avivo-ch.ch\/it\/wp-json\/wp\/v2\/users\/3"}],"replies":[{"embeddable":true,"href":"https:\/\/avivo-ch.ch\/it\/wp-json\/wp\/v2\/comments?post=339"}],"version-history":[{"count":52,"href":"https:\/\/avivo-ch.ch\/it\/wp-json\/wp\/v2\/pages\/339\/revisions"}],"predecessor-version":[{"id":341,"href":"https:\/\/avivo-ch.ch\/it\/wp-json\/wp\/v2\/pages\/339\/revisions\/341"}],"wp:attachment":[{"href":"https:\/\/avivo-ch.ch\/it\/wp-json\/wp\/v2\/media?parent=339"}],"curies":[{"name":"wp","href":"https:\/\/api.w.org\/{rel}","templated":true}]}}

<p><a href="https://avivo-ch.ch/wp-content/uploads/2025/06/AVIVO-Suisse-F.D-resolution-initiative-sur-les-soins-AD-du-04.06.2025-GE.pdf" target=" rel=" rel="noopener noreferrer">Risoluzione 1-2025: <b>Care Initiative: un secondo passo in gran parte inadeguato!</b> Ginevra, 2025 (in francese)</a></p>
<p><a href="https://avivo-ch.ch/wp-content/uploads/2025/06/AVIVO-Suisse-F.D-resolution-Climat-AD-du-04.06.2025.pdf" target=" rel=" rel="noopener noreferrer">Risoluzione 2-2025: <b>La protezione del clima è più di un semplice desiderio. È un dovere!</b> Ginevra, 2025 (in francese)</a></p>
<p><a href="https://avivo-ch.ch/wp-content/uploads/2025/06/AVIVO-Suisse-F-D-resolution-taxe-docs-papier-AD-du-04.06.2025.pdf" target=" rel=" rel="noopener noreferrer">Risoluzione 3-2025: <b>Tassa ingiustificata sui documenti “cartacei”</b> Ginevra, 2025 (in francese)</a></p>
<p><a href="https://avivo-ch.ch/wp-content/uploads/2024/04/AVIVO-CH-risoluzione-Premi-malattia_Zurigo-2024.pdf" target=" rel=" rel="noopener noreferrer">Risoluzione 1-2024: Basta con l’aumento dei premi malattia, Zurigo 2024</a></p>
<p><a href="https://avivo-ch.ch/wp-content/uploads/2024/05/AVIVO-suisse-resolution-2-Zurich-2024.pdf" target=" rel=" rel="noopener noreferrer">Risoluzione 2-2024: NO all&#8217;iniziativa di contenimento dei costi, Zurigo 2024 (in francese)</a></p>
<p><a href="https://avivo-ch.ch/wp-content/uploads/2023/09/AVIVO-CH-risoluzione-1-Basilea-2023.pdf" target=" rel=" rel="noopener noreferrer">Risoluzione 1-2023: Stop all’isolamento sociale dovuto alla frattura digitale ! Basilea, 2023</a></p>
<p><a href="https://avivo-ch.ch/wp-content/uploads/2023/09/AVIVO-CH-risoluzione-2-Basilea-2023.pdf" target=" rel=" rel="noopener noreferrer">Risoluzione 2-2023: L’assicurazione malattia deve rimanere obbligatoria ! Basilea, 2023</a></p>
<p><a href="https://avivo-ch.ch/wp-content/uploads/2022/06/AVIVO-CH-Resolution-Yverdon-2022.pdf" target=" rel=" rel="noopener noreferrer">Risoluzione NO a AVS21, Yverdon, 2022 ! (in francese)</a></p>
<p><a href="https://avivo-ch.ch/wp-content/uploads/2020/11/AVIVO-CH-résolution-1-2020-âge-de-la-retraite.pdf" target=" rel=" rel="noopener noreferrer">Risoluzione 1-2020 : NO a qualsiasi aumento dell&#8217;età pensionabile (in francese)</a></p>
<p><a href="https://avivo-ch.ch/wp-content/uploads/2020/11/AVIVO-CH-résolution-2-2020-Covid.pdf" target="_blank" rel="noopener noreferrer">Risoluzione 2-2020 : Covid 19 negli EMS: mai più questo! (in francese)</a></p>
<p><a href="http://avivo-ch.ch/wp-content/uploads/2019/06/AVIVO-CH-risoluzione-Sion-2019.pdf" target="_blank" rel="noopener noreferrer">Risoluzione AVS, Sion, 2019</a></p>
<p><a href="http://avivo-ch.ch/wp-content/uploads/2018/05/AVIVO-CH-résolution-Bienne-2018.pdf" target="_blank" rel="noopener noreferrer">Risoluzione AVS, Biel (in francese), 2018</a></p>
<p><a href="http://avivo-ch.ch/wp-content/uploads/2018/05/AVIVO-CH-résolution-AVS2016.pdf" target="_blank" rel="noopener noreferrer">Risoluzione AVS+ (in francese), 2016</a></p>

<p>Risoluzione 1-2025: Care Initiative: un secondo passo in gran parte inadeguato! Ginevra, 2025 (in francese) Risoluzione 2-2025: La protezione del clima è più di un semplice desiderio. È un dovere! Ginevra, 2025 (in francese) Risoluzione 3-2025: Tassa ingiustificata sui documenti “cartacei” Ginevra, 2025 (in francese) Risoluzione 1-2024: Basta con l’aumento dei premi malattia, Zurigo 2024 &hellip; <a href="https://avivo-ch.ch/it/resolutionen-der-avivo-schweiz/" class="more-link">Continue reading <span class="screen-reader-text">Risoluzioni dell&#8217;AVIVO svizzera</span> <span class="meta-nav">&rarr;</span></a></p>
