{"id":1219,"date":"2021-04-06T11:26:32","date_gmt":"2021-04-06T09:26:32","guid":{"rendered":"https:\/\/avivo-ch.ch\/?page_id=1219"},"modified":"2026-02-20T14:45:13","modified_gmt":"2026-02-20T13:45:13","slug":"wahlparolen-der-avivo-schweiz","status":"publish","type":"page","link":"https:\/\/avivo-ch.ch\/it\/wahlparolen-der-avivo-schweiz\/","title":{"rendered":"Raccomandazioni di voto dell\u2019AVIVO"},"content":{"rendered":"<p><span style=\"color: #ff0000;\"><strong><a style=\"color: #ff0000;\" href=\"https:\/\/avivo-ch.ch\/wp-content\/uploads\/2025\/09\/AVIVO-Suisse-CP-votations-28.09.pdf\" target=\"_blank\" rel=\"noopener\">Voto federale del 28 settembre 2025 <\/a><\/strong><\/span><\/p>\n<p><span style=\"color: #0000ff;\"><strong>Non \u00e0 la suppression de l\u2019imp\u00f4t immobilier (imp\u00f4t sur la valeur locative)<\/strong><\/span><\/p>\n<p><span style=\"color: #0000ff;\"><strong>Oui \u00e0 l\u2019e-ID<\/strong><\/span><\/p>\n","protected":false},"excerpt":{"rendered":"<p>Voto federale del 28 settembre 2025 Non \u00e0 la suppression de l\u2019imp\u00f4t immobilier (imp\u00f4t sur la valeur locative) Oui \u00e0 l\u2019e-ID<\/p>\n","protected":false},"author":3,"featured_media":0,"parent":0,"menu_order":0,"comment_status":"closed","ping_status":"closed","template":"","meta":{"inline_featured_image":false,"footnotes":""},"class_list":["post-1219","page","type-page","status-publish","hentry"],"translation":{"provider":"WPGlobus","version":"2.12.2","language":"it","enabled_languages":["de","fr","it"],"languages":{"de":{"title":true,"content":true,"excerpt":false},"fr":{"title":true,"content":true,"excerpt":false},"it":{"title":true,"content":true,"excerpt":false}}},"jetpack_sharing_enabled":true,"_links":{"self":[{"href":"https:\/\/avivo-ch.ch\/it\/wp-json\/wp\/v2\/pages\/1219","targetHints":{"allow":["GET"]}}],"collection":[{"href":"https:\/\/avivo-ch.ch\/it\/wp-json\/wp\/v2\/pages"}],"about":[{"href":"https:\/\/avivo-ch.ch\/it\/wp-json\/wp\/v2\/types\/page"}],"author":[{"embeddable":true,"href":"https:\/\/avivo-ch.ch\/it\/wp-json\/wp\/v2\/users\/3"}],"replies":[{"embeddable":true,"href":"https:\/\/avivo-ch.ch\/it\/wp-json\/wp\/v2\/comments?post=1219"}],"version-history":[{"count":53,"href":"https:\/\/avivo-ch.ch\/it\/wp-json\/wp\/v2\/pages\/1219\/revisions"}],"predecessor-version":[{"id":1956,"href":"https:\/\/avivo-ch.ch\/it\/wp-json\/wp\/v2\/pages\/1219\/revisions\/1956"}],"wp:attachment":[{"href":"https:\/\/avivo-ch.ch\/it\/wp-json\/wp\/v2\/media?parent=1219"}],"curies":[{"name":"wp","href":"https:\/\/api.w.org\/{rel}","templated":true}]}}

<p><span style="color: #ff0000;"><strong><a style="color: #ff0000;" href="https://avivo-ch.ch/wp-content/uploads/2025/09/AVIVO-Suisse-CP-votations-28.09.pdf" target="_blank" rel="noopener">Voto federale del 28 settembre 2025 </a></strong></span></p>
<p><span style="color: #0000ff;"><strong>Non à la suppression de l’impôt immobilier (impôt sur la valeur locative)</strong></span></p>
<p><span style="color: #0000ff;"><strong>Oui à l’e-ID</strong></span></p>

<p>Voto federale del 28 settembre 2025 Non à la suppression de l’impôt immobilier (impôt sur la valeur locative) Oui à l’e-ID</p>
